
Calculate the remainder when 2899 is divided by 1148.
603
What is the remainder when 138255 is divided by 10?
5
Calculate the remainder when 244214 is divided by 89.
87
What is the remainder when 14987 is divided by 82?
63
Calculate the remainder when 3860 is divided by 138.
134
Calculate the remainder when 1011422 is divided by 34.
24
What is the remainder when 13973 is divided by 3?
2
Calculate the remainder when 4436 is divided by 2178.
80
Calculate the remainder when 1328 is divided by 393.
149
What is the remainder when 1725 is divided by 426?
21
Calculate the remainder when 20378 is divided by 275.
28
What is the remainder when 1336 is divided by 1329?
7
What is the remainder when 3650 is divided by 507?
101
What is the remainder when 7724 is divided by 112?
108
Calculate the remainder when 1135683 is divided by 85.
83
Calculate the remainder when 459517 is divided by 1671.
1663
Calculate the remainder when 974586 is divided by 49.
25
Calculate the remainder when 675 is divided by 161.
31
What is the remainder when 55700 is divided by 147?
134
Calculate the remainder when 201 is divided by 72.
57
What is the remainder when 158758 is divided by 923?
2
What is the remainder when 3780 is divided by 1532?
716
What is the remainder when 1595 is divided by 1168?
427
Calculate the remainder when 5390 is divided by 304.
222
What is the remainder when 77837 is divided by 2?
1
What is the remainder when 20823 is divided by 5202?
15
What is the remainder when 26276 is divided by 104?
68
Calculate the remainder when 191223 is divided by 191208.
15
What is the remainder when 75640 is divided by 6?
4
What is the remainder when 120380 is divided by 192?
188
Calculate the remainder when 22370 is divided by 975.
920
Calculate the remainder when 2386616 is divided by 338.
336
What is the remainder when 39958 is divided by 1739?
1700
What is the remainder when 1972186 is divided by 324?
322
Calculate the remainder when 25014 is divided by 236.
234
What is the remainder when 124768 is divided by 316?
264
What is the remainder when 404928 is divided by 36811?
7
What is the remainder when 1499322 is divided by 92?
90
Calculate the remainder when 41924 is divided by 43.
42
What is the remainder when 557019 is divided by 43?
40
Calculate the remainder when 2197 is divided by 140.
97
Calculate the remainder when 811611 is divided by 236.
7
Calculate the remainder when 434596 is divided by 86919.
1
Calculate the remainder when 1069 is divided by 66.
13
Calculate the remainder when 13104 is divided by 2178.
36
What is the remainder when 305666 is divided by 25467?
62
What is the remainder when 13671 is divided by 14?
7
What is the remainder when 6614 is divided by 95?
59
What is the remainder when 54038 is divided by 164?
82
What is the remainder when 2802478 is divided by 11?
8
Calculate the remainder when 1981 is divided by 1059.
922
Calculate the remainder when 21834 is divided by 112.
106
What is the remainder when 904055 is divided by 2168?
2167
What is the remainder when 6231 is divided by 27?
21
What is the remainder when 117 is divided by 108?
9
Calculate the remainder when 7562 is divided by 1851.
158
Calculate the remainder when 2965 is divided by 53.
50
Calculate the remainder when 4492 is divided by 407.
15
What is the remainder when 307461 is divided by 74?
65
Calculate the remainder when 2130 is divided by 647.
189
Calculate the remainder when 3515739 is divided by 185.
184
Calculate the remainder when 82196 is divided by 300.
296
Calculate the remainder when 12921 is divided by 12839.
82
Calculate the remainder when 5885 is divided by 13.
9
What is the remainder when 270047 is divided by 97?
96
What is the remainder when 2069 is divided by 13?
2
What is the remainder when 4408 is divided by 549?
16
What is the remainder when 3659 is divided by 1027?
578
What is the remainder when 91943 is divided by 62?
59
What is the remainder when 57907 is divided by 13?
5
What is the remainder when 1420 is divided by 931?
489
Calculate the remainder when 44599 is divided by 10986.
655
Calculate the remainder when 228 is divided by 221.
7
What is the remainder when 13261 is divided by 6586?
89
Calculate the remainder when 3611 is divided by 1201.
8
What is the remainder when 4120 is divided by 440?
160
What is the remainder when 39719 is divided by 584?
7
What is the remainder when 1205 is divided by 26?
9
Calculate the remainder when 9908 is divided by 24.
20
What is the remainder when 39191 is divided by 47?
40
Calculate the remainder when 46080 is divided by 79.
23
What is the remainder when 150218 is divided by 50069?
11
Calculate the remainder when 134777 is divided by 8423.
9
What is the remainder when 76203 is divided by 2178?
2151
Calculate the remainder when 3885 is divided by 263.
203
What is the remainder when 3085 is divided by 933?
286
Calculate the remainder when 3444 is divided by 264.
12
Calculate the remainder when 14473 is divided by 14411.
62
What is the remainder when 1466471 is divided by 12?
11
Calculate the remainder when 529930 is divided by 15.
10
Calculate the remainder when 45921 is divided by 86.
83
Calculate the remainder when 2622 is divided by 174.
12
Calculate the remainder when 268118 is divided by 1382.
10
What is the remainder when 18634 is divided by 847?
0
What is the remainder when 191053 is divided by 63684?
1
Calculate the remainder when 12613 is divided by 435.
433
What is the remainder when 84515 is divided by 119?
25
Calculate the remainder when 9112 is divided by 438.
352
What is the remainder when 12647 is divided by 381?
74
What is the remainder when 30314 is divided by 93?
89
Calculate the remainder when 39875 is divided by 33.
11
What is the remainder when 10819 is divided by 8?
3
What is the remainder when 19995 is divided by 274?
267
What is the remainder when 2991448 is divided by 110?
108
What is the remainder when 483 is divided by 74?
39
Calculate the remainder when 36762 is divided by 324.
150
What is the remainder when 120415 is divided by 9259?
48
Calculate the remainder when 358887 is divided by 121.
1
Calculate the remainder when 18971 is divided by 73.
64
Calculate the remainder when 1536 is divided by 55.
51
What is the remainder when 2783 is divided by 48?
47
What is the remainder when 34620 is divided by 889?
838
Calculate the remainder when 1355 is divided by 370.
245
What is the remainder when 10550 is divided by 136?
78
What is the remainder when 8581165 is divided by 189?
187
Calculate the remainder when 175586 is divided by 58525.
11
What is the remainder when 1801 is divided by 604?
593
Calculate the remainder when 9631 is divided by 2382.
103
What is the remainder when 866 is divided by 159?
71
What is the remainder when 8373 is divided by 484?
145
What is the remainder when 2547 is divided by 86?
53
What is the remainder when 1973 is divided by 43?
38
What is the remainder when 28005 is divided by 9324?
33
Calculate the remainder when 56300 is divided by 1200.
1100
What is the remainder when 2951 is divided by 1467?
17
What is the remainder when 33572 is divided by 264?
44
What is the remainder when 42446 is divided by 30?
26
Calculate the remainder when 4558 is divided by 182.
8
Calculate the remainder when 7483 is divided by 399.
301
Calculate the remainder when 62619 is divided by 282.
15
Calculate the remainder when 16585 is divided by 19.
17
What is the remainder when 1587 is divided by 548?
491
What is the remainder when 274739 is divided by 10?
9
What is the remainder when 87793 is divided by 4180?
13
What is the remainder when 13537 is divided by 3377?
29
Calculate the remainder when 4627 is divided by 204.
139
What is the remainder when 1521 is divided by 63?
9
What is the remainder when 275975 is divided by 187?
150
Calculate the remainder when 50525 is divided by 134.
7
What is the remainder when 14504 is divided by 2069?
21
What is the remainder when 21830 is divided by 21780?
50
What is the remainder when 189290 is divided by 189280?
10
What is the remainder when 28075 is divided by 36?
31
What is the remainder when 26933 is divided by 9?
5
What is the remainder when 192428 is divided by 203?
187
Calculate the remainder when 469151 is divided by 234575.
1
What is the remainde